t is -231 (base 5) in base 12?
-56
What is 0 (base 11) in base 3?
0
What is -2 (base 5) in base 11?
-2
-48 (base 9) to base 16
-2c
Convert -1012 (base 3) to base 8.
-40
What is 116 (base 8) in base 14?
58
What is 3 (base 13) in base 3?
10
-71 (base 13) to base 4
-1130
Convert -70 (base 10) to base 6.
-154
-1 (base 9) to base 8
-1
What is 3 (base 12) in base 13?
3
What is 3 (base 16) in base 4?
3
-11 (base 5) to base 12
-6
-3020 (base 4) to base 2
-11001000
-10 (base 3) to base 15
-3
2 (base 11) to base 12
2
Convert 20 (base 8) to base 7.
22
What is -8 (base 13) in base 9?
-8
-26 (base 13) to base 14
-24
Convert -27 (base 10) to base 5.
-102
Convert -142 (base 11) to base 8.
-247
Convert -24 (base 6) to base 11.
-15
What is 10 (base 3) in base 9?
3
Convert -12 (base 6) to base 16.
-8
What is -5 (base 16) in base 6?
-5
Convert 195 (base 13) to base 10.
291
What is 2 (base 15) in base 11?
2
Convert c (base 16) to base 13.
c
12 (base 16) to base 2
10010
What is -10 (base 6) in base 16?
-6
What is 16 (base 10) in base 8?
20
What is c (base 14) in base 12?
10
What is -3 (base 12) in base 3?
-10
134 (base 6) to base 10
58
51 (base 6) to base 8
37
Convert 2b (base 15) to base 6.
105
Convert 19 (base 10) to base 9.
21
Convert -3 (base 13) to base 10.
-3
What is -1203 (base 4) in base 10?
-99
What is -2 (base 8) in base 12?
-2
Convert -1 (base 6) to base 14.
-1
24 (base 11) to base 14
1c
What is -56 (base 10) in base 6?
-132
What is 1101000 (base 2) in base 4?
1220
2 (base 14) to base 11
2
What is -16 (base 12) in base 13?
-15
-2 (base 11) to base 14
-2
Convert -151 (base 12) to base 13.
-12a
1334 (base 5) to base 16
db
What is c (base 15) in base 10?
12
Convert 15 (base 7) to base 10.
12
Convert -1e (base 16) to base 9.
-33
Convert 13 (base 4) to base 5.
12
What is 1 (base 8) in base 3?
1
Convert -10 (base 4) to base 2.
-100
1 (base 14) to base 10
1
5 (base 8) to base 7
5
Convert 109 (base 16) to base 8.
411
What is -3 (base 7) in base 16?
-3
Convert -31 (base 4) to base 3.
-111
What is -212 (base 4) in base 13?
-2c
What is 54 (base 6) in base 10?
34
Convert 21 (base 7) to base 9.
16
-3 (base 8) to base 12
-3
Convert 0 (base 5) to base 15.
0
Convert -17 (base 10) to base 5.
-32
0 (base 6) to base 7
0
1105 (base 6) to base 9
315
0 (base 10) to base 13
0
Convert 2d (base 16) to base 9.
50
-1200 (base 3) to base 15
-30
What is 7 (base 9) in base 4?
13
Convert -2 (base 12) to base 9.
-2
What is -10 (base 7) in base 14?
-7
What is 57 (base 10) in base 14?
41
Convert 4 (base 15) to base 8.
4
What is 60 (base 8) in base 13?
39
Convert 154 (base 6) to base 10.
70
What is 101 (base 2) in base 9?
5
What is -41 (base 7) in base 9?
-32
Convert 204 (base 10) to base 14.
108
What is 55 (base 6) in base 4?
203
-9 (base 10) to base 6
-13
-100 (base 2) to base 6
-4
Convert 10 (base 2) to base 15.
2
Convert 1020 (base 3) to base 4.
201
Convert 120 (base 4) to base 16.
18
What is 238 (base 11) in base 6?
1151
What is 2 (base 10) in base 9?
2
Convert 18 (base 16) to base 7.
33
What is -110110 (base 2) in base 9?
-60
What is -1 (base 4) in base 8?
-1
Convert -1 (base 11) to base 16.
-1
-4 (base 13) to base 14
-4
What is 0 (base 8) in base 5?
0
Convert 22 (base 4) to base 15.
a
Convert -a (base 11) to base 10.
-10
What is -14 (base 15) in base 7?
-25
What is 106 (base 7) in base 12?
47
a (base 13) to base 12
a
Convert 0 (base 9) to base 12.
0
What is 210 (base 4) in base 13?
2a
0 (base 4) to base 10
0
What is 11 (base 12) in base 7?
16
-45 (base 11) to base 10
-49
Convert 30 (base 4) to base 14.
c
Convert b (base 15) to base 8.
13
What is 12 (base 4) in base 9?
6
-226 (base 7) to base 13
-91
Convert -333 (base 4) to base 16.
-3f
-301 (base 10) to base 13
-1a2
Convert -74 (base 8) to base 3.
-2020
Convert -10 (base 3) to base 12.
-3
-500 (base 6) to base 13
-10b
Convert -1b8 (base 12) to base 16.
-11c
Convert -10 (base 13) to base 15.
-d
-47 (base 13) to base 5
-214
What is 64 (base 9) in base 3?
2011
-2 (base 13) to base 10
-2
10 (base 3) to base 13
3
What is -6 (base 10) in base 3?
-20
What is 12a (base 11) in base 2?
10011001
Convert -83 (base 16) to base 3.
-11212
Convert 15 (base 13) to base 11.
17
Convert 30 (base 14) to base 2.
101010
What is -15 (base 10) in base 5?
-30
What is 168 (base 12) in base 15?
ee
-64 (base 10) to base 14
-48
What is -1a (base 11) in base 4?
-111
What is 12 (base 6) in base 7?
11
What is -3 (base 16) in base 10?
-3
Convert 123 (base 4) to base 6.
43
2 (base 16) to base 15
2
Convert -68 (base 13) to base 2.
-1010110
3a (base 13) to base 5
144
23 (base 7) to base 16
11
-10 (base 2) to base 15
-2
Convert 74 (base 8) to base 6.
140
-2 (base 10) to base 13
-2
What is b2 (base 16) in base 11?
152
-10100010 (base 2) to base 4
-2202
What is 17 (base 10) in base 8?
21
Convert 10 (base 2) to base 8.
2
21 (base 16) to base 9
36
14 (base 7) to base 2
1011
182 (base 10) to base 4
2312
-11 (base 2) to base 11
-3
100101 (base 2) to base 13
2b
127 (base 8) to base 14
63
Convert 3 (base 7) to base 11.
3
Convert 22 (base 4) to base 11.
a
Convert -353 (base 6) to base 12.
-b9
What is 41 (base 5) in base 12?
19
What is 12 (base 7) in base 9?
10
18 (base 9) to base 11
16
What is 10 (base 7) in base 10?
7
Convert -2 (base 14) to base 2.
-10
Convert 1032 (base 4) to base 7.
141
What is -324 (base 6) in base 10?
-124
-6 (base 8) to base 3
-20
6 (base 10) to base 9
6
Convert -2 (base 10) to base 12.
-2
What is -32 (base 6) in base 15?
-15
What is 2 (base 6) in base 8?
2
Convert -1010010 (base 2) to base 11.
-75
Convert 2 (base 13) to base 5.
2
Convert 10 (base 2) to base 14.
2
What is -20 (base 3) in base 12?
-6
-27 (base 16) to base 4
-213
What is -10 (base 16) in base 15?
-11
Convert -9c (base 16) to base 13.
-c0
What is 464 (base 7) in base 3?
22222
Convert -5 (base 12) to base 14.
-5
What is 6 (base 13) in base 5?
11
What is -3 (base 10) in base 8?
-3
Convert 22 (base 3) to base 9.
8
Convert 20 (base 3) to base 9.
6
Convert -5 (base 9) to base 5.
-10
205 (base 10) to base 9
247
What is 3 (base 8) in base 14?
3
Convert -11 (base 2) to base 4.
-3
-1 (base 8) to base 4
-1
-2112 (base 3) to base 8
-104
What is 5f (base 16) in base 9?
115
What is -3 (base 5) in base 3?
-10
Convert 2 (base 14) to base 8.
2
148 (base 12) to base 14
104
Convert -153 (base 7) to base 16.
-57
-13 (base 8) to base 12
-b
What is -14 (base 7) in base 9?
-12
Convert -1101 (base 4) to base 10.
-81
What is -2 (base 14) in base 10?
-2
Convert 2222 (base 5) to base 14.
184
4 (base 10) to base 7
4
Convert -26 (base 12) to base 3.
-1010
Convert 7a (base 12) to base 4.
1132
-1 (base 5) to base 15
-1
-4 (base 5) to base 14
-4
13 (base 9) to base 12
10
131 (base 5) to base 12
35
What is -11 (base 14) in base 4?
-33
What is -5 (base 16) in base 8?
-5
-3 (base 7) to base 5
-3
What is -1 (base 3) in base 16?
-1
Convert -4 (base 14) to base 3.
-11
2 (base 5) to base 9
2
-1 (base 7) to base 9
-1
-114 (base 9) to base 6
-234
Convert 0 (base 14) to base 7.
0
What is 244 (base 7) in base 15?
8a
Convert -8 (base 10) to base 13.
-8
Convert 11 (base 16) to base 2.
10001
Convert -8 (base 12) to base 16.
-8
Convert -13 (base 11) to base 13.
-11
What is -10 (base 3) in base 2?
-11
What is 10 (base 5) in base 7?
5
Convert 11222 (base 3) to base 13.
a4
What is ab (base 12) in base 14?
95
What is 453 (base 7) in base 6?
1030
-e0 (base 16) to base 9
-268
Convert 0 (base 14) to base 4.
0
What is -11 (base 6) in base 5?
-12
What is -100 (base 3) in base 9?
-10
-17 (base 14) to base 13
-18
Convert -10110111 (base 2) to base 13.
-111
Convert -13 (base 6) to base 4.
-21
Convert -3 (base 12) to base 9.
-3
Convert -52 (base 15) to base 14.
-57
Convert 4 (base 15) to base 8.
4
What is 7 (base 9) in base 2?
111
Convert -5 (base 14) to base 4.
-11
Convert 19 (base 11) to base 3.
202
Convert -3 (base 5) to base 2.
-11
254 (base 8) to base 16
ac
101010 (base 2) to base 7
60
Convert -4 (base 11) to base 8.
-4
2 (base 15) to base 12
2
Convert 1 (base 15) to base 14.
1
Convert 1100011 (base 2) to base 7.
201
-1 (base 4) to base 11
-1
10 (base 5) to base 7
5
Convert 105 (base 12) to base 10.
149
67 (base 15) to base 14
6d
Convert -132 (base 12) to base 11.
-156
2 (base 10) to base 4
2
-1 (base 12) to base 10
-1
-30 (base 7) to ba